{"id":927,"date":"2023-09-07T15:28:18","date_gmt":"2023-09-07T20:28:18","guid":{"rendered":"https:\/\/iesantoangelmed.edu.co\/?page_id=927"},"modified":"2025-11-21T20:44:39","modified_gmt":"2025-11-22T01:44:39","slug":"periodico","status":"publish","type":"page","link":"https:\/\/iesantoangelmed.edu.co\/index.php\/periodico\/","title":{"rendered":"PERI\u00d3DICO INGENIO ESTUDIANTIL"},"content":{"rendered":"\n<figure class=\"wp-block-image alignwide size-full\"><img fetchpriority=\"high\" decoding=\"async\" width=\"891\" height=\"282\" src=\"https:\/\/iesantoangelmed.edu.co\/wp-content\/uploads\/2023\/09\/image-24.png\" alt=\"\" class=\"wp-image-1426\" srcset=\"https:\/\/iesantoangelmed.edu.co\/wp-content\/uploads\/2023\/09\/image-24.png 891w, https:\/\/iesantoangelmed.edu.co\/wp-content\/uploads\/2023\/09\/image-24-300x95.png 300w, https:\/\/iesantoangelmed.edu.co\/wp-content\/uploads\/2023\/09\/image-24-768x243.png 768w\" sizes=\"(max-width: 891px) 100vw, 891px\" \/><\/figure>\n\n\n\n<p class=\"has-text-align-center has-white-color has-vivid-purple-background-color has-text-color has-background has-link-color has-medium-font-size wp-elements-877d63b68214a62838c97f668387e4a8\"><strong>PUBLICACI\u00d3N 2025<\/strong><\/p>\n\n\n<div class=\"wp-block-image\">\n<figure class=\"aligncenter size-full is-resized\"><a href=\"https:\/\/drive.google.com\/file\/d\/1edZuhYqAmIAmlWDCx_kWr7pi2dIy3-RH\/view?usp=drive_link\"><img decoding=\"async\" width=\"656\" height=\"229\" src=\"https:\/\/iesantoangelmed.edu.co\/wp-content\/uploads\/2025\/11\/image.png\" alt=\"\" class=\"wp-image-2726\" style=\"width:690px;height:auto\" srcset=\"https:\/\/iesantoangelmed.edu.co\/wp-content\/uploads\/2025\/11\/image.png 656w, https:\/\/iesantoangelmed.edu.co\/wp-content\/uploads\/2025\/11\/image-300x105.png 300w\" sizes=\"(max-width: 656px) 100vw, 656px\" \/><\/a><\/figure>\n<\/div>\n\n\n<p class=\"has-text-align-center has-white-color has-pale-cyan-blue-background-color has-text-color has-background has-link-color has-medium-font-size wp-elements-54dacaafd7cbeb97d3c6559e2200c257\"><strong>PUBLICACI\u00d3N 2024<\/strong><\/p>\n\n\n<div class=\"wp-block-image\">\n<figure class=\"aligncenter size-full\"><a href=\"https:\/\/drive.google.com\/file\/d\/1W06gpnHlGpNZgXobR6BmYPfuExNo2x3t\/view?usp=drive_link\" target=\"_blank\" rel=\" noreferrer noopener\"><img decoding=\"async\" width=\"655\" height=\"232\" src=\"https:\/\/iesantoangelmed.edu.co\/wp-content\/uploads\/2024\/11\/image-2.png\" alt=\"\" class=\"wp-image-2390\" srcset=\"https:\/\/iesantoangelmed.edu.co\/wp-content\/uploads\/2024\/11\/image-2.png 655w, https:\/\/iesantoangelmed.edu.co\/wp-content\/uploads\/2024\/11\/image-2-300x106.png 300w\" sizes=\"(max-width: 655px) 100vw, 655px\" \/><\/a><\/figure>\n<\/div>\n\n\n<p class=\"has-text-align-center has-white-color has-pale-pink-background-color has-text-color has-background has-link-color has-medium-font-size wp-elements-7f76ad9e650c00ae37116da8140b0213\"><strong>PUBLICACI\u00d3N 2023<\/strong><\/p>\n\n\n<div class=\"wp-block-image\">\n<figure class=\"aligncenter size-full is-resized\"><a href=\"https:\/\/drive.google.com\/file\/d\/1s4VMBs97Hz7xbcbxg-OdQEFG5bVtNKMk\/view?usp=drive_link\"><img loading=\"lazy\" decoding=\"async\" width=\"572\" height=\"204\" src=\"https:\/\/iesantoangelmed.edu.co\/wp-content\/uploads\/2024\/11\/image-4.png\" alt=\"\" class=\"wp-image-2400\" style=\"width:568px;height:auto\" srcset=\"https:\/\/iesantoangelmed.edu.co\/wp-content\/uploads\/2024\/11\/image-4.png 572w, https:\/\/iesantoangelmed.edu.co\/wp-content\/uploads\/2024\/11\/image-4-300x107.png 300w\" sizes=\"(max-width: 572px) 100vw, 572px\" \/><\/a><\/figure>\n<\/div>\n\n\n<p class=\"has-text-align-center has-white-color has-cyan-bluish-gray-background-color has-text-color has-background has-link-color has-medium-font-size wp-elements-8690c3e4a5beebc4f61a8775897649c6\"><strong>PUBLICACI\u00d3N 2022<\/strong><\/p>\n\n\n<div class=\"wp-block-image\">\n<figure class=\"aligncenter size-full\"><a href=\"https:\/\/drive.google.com\/file\/d\/1gja2Hey_KBngrjlJzNXNpakKnIo9n-RL\/view?usp=drive_link\"><img loading=\"lazy\" decoding=\"async\" width=\"588\" height=\"219\" src=\"https:\/\/iesantoangelmed.edu.co\/wp-content\/uploads\/2024\/11\/image-5.png\" alt=\"\" class=\"wp-image-2405\" srcset=\"https:\/\/iesantoangelmed.edu.co\/wp-content\/uploads\/2024\/11\/image-5.png 588w, https:\/\/iesantoangelmed.edu.co\/wp-content\/uploads\/2024\/11\/image-5-300x112.png 300w\" sizes=\"(max-width: 588px) 100vw, 588px\" \/><\/a><\/figure>\n<\/div>\n\n\n<p class=\"has-text-align-center has-white-color has-vivid-cyan-blue-background-color has-text-color has-background has-link-color has-medium-font-size wp-elements-7adca1eeaffdef6df6baf82a5830ef0d\"><strong>PUBLICACI\u00d3N 2021<\/strong><\/p>\n\n\n<div class=\"wp-block-image\">\n<figure class=\"aligncenter size-full is-resized\"><a href=\"https:\/\/drive.google.com\/file\/d\/1GPJL4h1wroiMwgi1iXQVB462imW82xov\/view?usp=drive_link\"><img loading=\"lazy\" decoding=\"async\" width=\"754\" height=\"279\" src=\"https:\/\/iesantoangelmed.edu.co\/wp-content\/uploads\/2024\/11\/image-7.png\" alt=\"\" class=\"wp-image-2413\" style=\"width:584px;height:auto\" srcset=\"https:\/\/iesantoangelmed.edu.co\/wp-content\/uploads\/2024\/11\/image-7.png 754w, https:\/\/iesantoangelmed.edu.co\/wp-content\/uploads\/2024\/11\/image-7-300x111.png 300w\" sizes=\"(max-width: 754px) 100vw, 754px\" \/><\/a><\/figure>\n<\/div>\n\n\n<p class=\"has-text-align-center has-white-color has-vivid-purple-background-color has-text-color has-background has-link-color has-medium-font-size wp-elements-ce1888ea0631d70c9ac6f446ccd5ae67\"><strong>PUBLICACI\u00d3N 2020<\/strong><\/p>\n\n\n<div class=\"wp-block-image\">\n<figure class=\"aligncenter size-full\"><a href=\"https:\/\/drive.google.com\/file\/d\/13GK4So5oeZEE0B4fYhenTv39IRChOsLj\/view?usp=drive_link\"><img loading=\"lazy\" decoding=\"async\" width=\"590\" height=\"152\" src=\"https:\/\/iesantoangelmed.edu.co\/wp-content\/uploads\/2024\/11\/image-6.png\" alt=\"\" class=\"wp-image-2408\" srcset=\"https:\/\/iesantoangelmed.edu.co\/wp-content\/uploads\/2024\/11\/image-6.png 590w, https:\/\/iesantoangelmed.edu.co\/wp-content\/uploads\/2024\/11\/image-6-300x77.png 300w\" sizes=\"(max-width: 590px) 100vw, 590px\" \/><\/a><\/figure>\n<\/div>\n\n\n<p class=\"has-text-align-center has-white-color has-light-green-cyan-background-color has-text-color has-background has-link-color has-medium-font-size wp-elements-ffd47202366bb005b6663206a0f3959b\"><strong>PUBLICACI\u00d3N 201<\/strong>9<\/p>\n\n\n<div class=\"wp-block-image\">\n<figure class=\"aligncenter size-full\"><a href=\"https:\/\/drive.google.com\/file\/d\/1CnIqA6cCjGLSjpAznFyhqpFxoLpQRXjc\/view?usp=drive_link\"><img loading=\"lazy\" decoding=\"async\" width=\"784\" height=\"185\" src=\"https:\/\/iesantoangelmed.edu.co\/wp-content\/uploads\/2024\/11\/image-8.png\" alt=\"\" class=\"wp-image-2426\" srcset=\"https:\/\/iesantoangelmed.edu.co\/wp-content\/uploads\/2024\/11\/image-8.png 784w, https:\/\/iesantoangelmed.edu.co\/wp-content\/uploads\/2024\/11\/image-8-300x71.png 300w, https:\/\/iesantoangelmed.edu.co\/wp-content\/uploads\/2024\/11\/image-8-768x181.png 768w\" sizes=\"(max-width: 784px) 100vw, 784px\" \/><\/a><\/figure>\n<\/div>\n\n\n<p class=\"has-text-align-center has-white-color has-pale-cyan-blue-background-color has-text-color has-background has-link-color has-medium-font-size wp-elements-9c3df73578796c465bdb3c4a71710027\"><strong>PUBLICACI\u00d3N 2018<\/strong><\/p>\n\n\n<div class=\"wp-block-image\">\n<figure class=\"aligncenter size-full\"><a href=\"https:\/\/drive.google.com\/file\/d\/19NnFvx-3Hdtaa_dLk16joKU_zTGvc08I\/view?usp=drive_link\"><img loading=\"lazy\" decoding=\"async\" width=\"763\" height=\"193\" src=\"https:\/\/iesantoangelmed.edu.co\/wp-content\/uploads\/2024\/11\/image-9.png\" alt=\"\" class=\"wp-image-2427\" srcset=\"https:\/\/iesantoangelmed.edu.co\/wp-content\/uploads\/2024\/11\/image-9.png 763w, https:\/\/iesantoangelmed.edu.co\/wp-content\/uploads\/2024\/11\/image-9-300x76.png 300w\" sizes=\"(max-width: 763px) 100vw, 763px\" \/><\/a><\/figure>\n<\/div>\n\n\n<p class=\"has-text-align-center has-white-color has-pale-cyan-blue-background-color has-text-color has-background has-link-color has-medium-font-size wp-elements-410f9968d34984ace31009ecd4b8e110\"><strong>PUBLICACI\u00d3N 2017<\/strong><\/p>\n\n\n\n<figure class=\"wp-block-embed is-type-rich is-provider-issuu wp-block-embed-issuu\"><div class=\"wp-block-embed__wrapper\">\nhttps:\/\/issuu.com\/newssantoangel\/docs\/dise__o_periodico__1_\n<\/div><\/figure>\n\n\n\n<p class=\"has-text-align-center has-white-color has-pale-pink-background-color has-text-color has-background has-link-color has-medium-font-size wp-elements-1e80416e630b364289af794047a11d34\"><strong>PUBLICACI\u00d3N 2016<\/strong><\/p>\n\n\n<div class=\"wp-block-image\">\n<figure class=\"aligncenter size-full is-resized\"><a href=\"https:\/\/drive.google.com\/file\/d\/13lKpUpSNHxycew_iRhrGAxBbNGeI-yOk\/view?usp=drive_link\"><img loading=\"lazy\" decoding=\"async\" width=\"536\" height=\"170\" src=\"https:\/\/iesantoangelmed.edu.co\/wp-content\/uploads\/2024\/11\/image-10.png\" alt=\"\" class=\"wp-image-2428\" style=\"width:797px;height:auto\" srcset=\"https:\/\/iesantoangelmed.edu.co\/wp-content\/uploads\/2024\/11\/image-10.png 536w, https:\/\/iesantoangelmed.edu.co\/wp-content\/uploads\/2024\/11\/image-10-300x95.png 300w\" sizes=\"(max-width: 536px) 100vw, 536px\" \/><\/a><\/figure>\n<\/div>","protected":false},"excerpt":{"rendered":"<p>PUBLICACI\u00d3N 2025 PUBLICACI\u00d3N 2024 PUBLICACI\u00d3N 2023 PUBLICACI\u00d3N 2022 PUBLICACI\u00d3N 2021 PUBLICACI\u00d3N 2020 PUBLICACI\u00d3N 2019 PUBLICACI\u00d3N 2018 PUBLICACI\u00d3N 2017 PUBLICACI\u00d3N 2016<\/p>\n","protected":false},"author":2,"featured_media":0,"parent":0,"menu_order":0,"comment_status":"closed","ping_status":"closed","template":"","meta":{"_background_id":0,"_xo_background":{"id":0,"size":"auto","position_x":"left","position_y":"top","color":"","gradient":"","custom_gradient":""},"footnotes":""},"class_list":["post-927","page","type-page","status-publish","hentry"],"_links":{"self":[{"href":"https:\/\/iesantoangelmed.edu.co\/index.php\/wp-json\/wp\/v2\/pages\/927","targetHints":{"allow":["GET"]}}],"collection":[{"href":"https:\/\/iesantoangelmed.edu.co\/index.php\/wp-json\/wp\/v2\/pages"}],"about":[{"href":"https:\/\/iesantoangelmed.edu.co\/index.php\/wp-json\/wp\/v2\/types\/page"}],"author":[{"embeddable":true,"href":"https:\/\/iesantoangelmed.edu.co\/index.php\/wp-json\/wp\/v2\/users\/2"}],"replies":[{"embeddable":true,"href":"https:\/\/iesantoangelmed.edu.co\/index.php\/wp-json\/wp\/v2\/comments?post=927"}],"version-history":[{"count":26,"href":"https:\/\/iesantoangelmed.edu.co\/index.php\/wp-json\/wp\/v2\/pages\/927\/revisions"}],"predecessor-version":[{"id":2727,"href":"https:\/\/iesantoangelmed.edu.co\/index.php\/wp-json\/wp\/v2\/pages\/927\/revisions\/2727"}],"wp:attachment":[{"href":"https:\/\/iesantoangelmed.edu.co\/index.php\/wp-json\/wp\/v2\/media?parent=927"}],"curies":[{"name":"wp","href":"https:\/\/api.w.org\/{rel}","templated":true}]}}