{"id":1458,"date":"2023-09-13T12:22:38","date_gmt":"2023-09-13T17:22:38","guid":{"rendered":"https:\/\/iesantoangelmed.edu.co\/?page_id=1458"},"modified":"2023-09-21T22:23:50","modified_gmt":"2023-09-22T03:23:50","slug":"pta","status":"publish","type":"page","link":"https:\/\/iesantoangelmed.edu.co\/index.php\/pta\/","title":{"rendered":"PROGRAMA TODOS A APRENDER"},"content":{"rendered":"\n<p class=\"has-text-align-center has-white-color has-pale-pink-background-color has-text-color has-background has-x-large-font-size\"><strong><em>RAZ\u00d3N DE SER &#8211; PTA<\/em><\/strong>                     Profesional: Sara P\u00e9rez <\/p>\n\n\n\n<h4 class=\"wp-block-heading\"><\/h4>\n\n\n<div class=\"wp-block-image\">\n<figure class=\"alignleft\"><img decoding=\"async\" src=\"https:\/\/www.sedtolima.gov.co\/wp-content\/uploads\/2019\/09\/imagen-PTA.png\" alt=\"\" class=\"wp-image-8464\"\/><\/figure>\n<\/div>\n\n\n<p class=\"has-medium-font-size\">\u00bf<strong>QUE ES?:<\/strong><\/p>\n\n\n\n<p class=\"has-medium-font-size\">El Programa Todos a Aprender (PTA) tiene por objetivo transformar las pr\u00e1cticas pedag\u00f3gicas de los docentes con el fin de fortalecer los aprendizajes de los estudiantes. El PTA es puesto en pr\u00e1ctica por el Ministerio de Educaci\u00f3n Nacional en coordinaci\u00f3n con las Entidades Territoriales en Educaci\u00f3n.<\/p>\n\n\n\n<p class=\"has-text-align-left has-medium-font-size\"><strong>Actores:<\/strong><\/p>\n\n\n\n<p class=\"has-text-align-left has-medium-font-size\">151 Instituciones educativas del Departamento del Tolima, son las viabilizadas para el 2020, que ser\u00e1n apoyadas por 151 Docentes \u2013 Tutor en acompa\u00f1amiento de pares. En el momento contamos con 117 Tutores docentes comisionados, estamos a la espera de completar el n\u00famero de docentes que completaran el programa en la vigencia 2020.<\/p>\n\n\n\n<p class=\"has-text-align-left has-medium-font-size\"><strong>METODOLOGIA:<\/strong><\/p>\n\n\n\n<p class=\"has-text-align-left has-medium-font-size\">La metodolog\u00eda del PTA se enfoca en el acompa\u00f1amiento situado presencial que consiste en trabajar con los docentes en sus aulas de clase, contribuyendo de esta forma a los objetivos definidos en el Plan Nacional de Desarrollo 2018-2022 \u201cPacto por Colombia, Pacto por la Equidad\u201d asociado a \u201cGarantizar una Educaci\u00f3n Inclusiva y equitativa de calidad y promover oportunidades de aprendizaje permanente para todos\u201d.<\/p>\n\n\n\n<p class=\"has-text-align-left has-medium-font-size\">Una metodolog\u00eda en cascada de tres niveles. El primer nivel est\u00e1 conformado por el equipo pedag\u00f3gico y coordinadores del Ministerio de Educaci\u00f3n Nacional a Formadores, el segundo, de Formadores a Tutores y el tercero, de Tutores a Docentes. Esta metodolog\u00eda se enfoca en el desarrollo de sesiones de trabajo situado y el acompa\u00f1amiento en el aula de clase.<\/p>\n\n\n<div class=\"wp-block-image\">\n<figure class=\"alignright size-full is-resized\"><img fetchpriority=\"high\" decoding=\"async\" src=\"https:\/\/iesantoangelmed.edu.co\/wp-content\/uploads\/2023\/09\/image-87.png\" alt=\"\" class=\"wp-image-1735\" style=\"width:408px;height:271px\" width=\"408\" height=\"271\" srcset=\"https:\/\/iesantoangelmed.edu.co\/wp-content\/uploads\/2023\/09\/image-87.png 626w, https:\/\/iesantoangelmed.edu.co\/wp-content\/uploads\/2023\/09\/image-87-300x200.png 300w\" sizes=\"(max-width: 408px) 100vw, 408px\" \/><\/figure>\n<\/div>\n\n\n<p class=\"has-text-align-left has-medium-font-size\">EI Programa Todos a Aprender tiene tambi\u00e9n como objetivo mejorar el aprendizaje y aportar al desarrollo de los estudiantes de transici\u00f3n a quinto de primaria.<\/p>\n\n\n\n<p class=\"has-text-align-left has-medium-font-size\">En virtud de lo anterior, el Programa Todos Aprender PTA viene adelantando en articulaci\u00f3n con las Entidades Territoriales Certificadas la planeaci\u00f3n y alistamiento de la operaci\u00f3n del acompa\u00f1amiento situado en la vigencia 2020.<\/p>\n\n\n\n<p class=\"has-text-align-left has-medium-font-size\">Tomando como referente el enfoque de competencias consignado en los lineamientos curriculares y est\u00e1ndares b\u00e1sicos, entendidas \u00e9stas como el conjunto de conocimientos, habilidades, actitudes que desarrollan las personas y que les permiten comprender, interactuar y transformar el mundo en el que viven, el Programa Todos a Aprender (PTA) acompa\u00f1a los procesos de aula de clase en funci\u00f3n de los aprendizajes de los ni\u00f1os y las ni\u00f1as; interact\u00faa con docentes, instituciones educativas y secretar\u00edas de educaci\u00f3n; brinda herramientas pedag\u00f3gicas y materiales educativos que apoyan las pr\u00e1cticas hacia la cualificaci\u00f3n de los aprendizajes, mediante la formaci\u00f3n situada, el acompa\u00f1amiento entre pares, el uso pedag\u00f3gico de materiales y la apropiaci\u00f3n de referentes de calidad.<\/p>\n\n\n\n<p class=\"has-text-align-left has-medium-font-size\">Con el objetivo de potenciar el desarrollo de competencias de los estudiantes, el PTA propone la Ruta de formaci\u00f3n y acompa\u00f1amiento que brinda las orientaciones para que los tutores, formadores, coordinadores, directivos docentes y secretar\u00edas de educaci\u00f3n acompa\u00f1en la transformaci\u00f3n de las pr\u00e1cticas de aula de los docentes para el mejoramiento de los aprendizajes de los ni\u00f1os y las ni\u00f1as en los establecimientos educativos focalizados.<\/p>\n","protected":false},"excerpt":{"rendered":"<p>RAZ\u00d3N DE SER &#8211; PTA Profesional: Sara P\u00e9rez \u00bfQUE ES?: El Programa Todos a Aprender (PTA) tiene por objetivo transformar las pr\u00e1cticas pedag\u00f3gicas de los docentes con el fin de &#8230;<\/p>\n","protected":false},"author":2,"featured_media":0,"parent":0,"menu_order":0,"comment_status":"closed","ping_status":"closed","template":"","meta":{"_background_id":0,"_xo_background":[],"footnotes":""},"class_list":["post-1458","page","type-page","status-publish","hentry"],"_links":{"self":[{"href":"https:\/\/iesantoangelmed.edu.co\/index.php\/wp-json\/wp\/v2\/pages\/1458","targetHints":{"allow":["GET"]}}],"collection":[{"href":"https:\/\/iesantoangelmed.edu.co\/index.php\/wp-json\/wp\/v2\/pages"}],"about":[{"href":"https:\/\/iesantoangelmed.edu.co\/index.php\/wp-json\/wp\/v2\/types\/page"}],"author":[{"embeddable":true,"href":"https:\/\/iesantoangelmed.edu.co\/index.php\/wp-json\/wp\/v2\/users\/2"}],"replies":[{"embeddable":true,"href":"https:\/\/iesantoangelmed.edu.co\/index.php\/wp-json\/wp\/v2\/comments?post=1458"}],"version-history":[{"count":5,"href":"https:\/\/iesantoangelmed.edu.co\/index.php\/wp-json\/wp\/v2\/pages\/1458\/revisions"}],"predecessor-version":[{"id":1746,"href":"https:\/\/iesantoangelmed.edu.co\/index.php\/wp-json\/wp\/v2\/pages\/1458\/revisions\/1746"}],"wp:attachment":[{"href":"https:\/\/iesantoangelmed.edu.co\/index.php\/wp-json\/wp\/v2\/media?parent=1458"}],"curies":[{"name":"wp","href":"https:\/\/api.w.org\/{rel}","templated":true}]}}